x**2 + 2*x + 1. Let r be j(-1). Suppose r = -9*k + 120. Calculate the highest common divisor of 70 and k.
10
Suppose -5*u + 5*z = 2*z - 75, 3*u - 2*z = 45. Suppose 0 = -21*t - 0*t + 2835. Calculate the greatest common divisor of u and t.
15
Let a(c) = -9*c**2 + c**3 - 9 + 1 + 0 - 5*c - 4*c. Let q be a(10). What is the greatest common factor of q and 2?
2
Let v be (88/2)/(4 + -2). Let p(o) = -o**2 - 4*o + 7. Let s be p(-5). Suppose -s*a = a - 6. What is the highest common divisor of a and v?
2
Let u be (2/6*0)/3. Suppose 5*j = 25, 5*t + u*t - j - 555 = 0. Calculate the highest common divisor of 16 and t.
16
Let d = 235 - 53. What is the greatest common factor of 455 and d?
91
Suppose -7 = -2*j + 1, -4*b + 16 = 2*j. Suppose -88 = -h + 2*a, b*h + 10*a - 158 = 5*a. What is the greatest common divisor of 12 and h?
12
Let b = 633 - 523. Calculate the greatest common divisor of b and 25.
5
Suppose -5*x - s = -89, 3*s = x - 0 - 5. Calculate the greatest common factor of x and 1.
1
Let o(t) = -37*t - 220. Let j be o(-6). Suppose 8*g - 6*g = 20. What is the highest common factor of g and j?
2
Suppose -114 = -3*g - 0*g. Let u = 66 - g. What is the highest common factor of u and 140?
28
Let l(v) = -2 - 6*v + 4 - 2 + 5. Let f be l(-6). Let m = f - 24. Calculate the greatest common factor of 34 and m.
17
Suppose 3*j - 618 = 2*o, 1 = 5*o + 16. Calculate the highest common divisor of j and 60.
12
Let d be 240/9 - 2/3. Suppose 113*r = 101*r + 1560. Calculate the greatest common divisor of r and d.
26
Let t = -152 - -225. Let a = t + -41. What is the highest common factor of a and 80?
16
Let b(f) = -302*f**3 - 2*f**2 - 6*f - 6. Let h be b(-1). Calculate the greatest common divisor of 84 and h.
12
Let m be 190/3 - (-10 + 224/24). Calculate the greatest common divisor of m and 64.
64
Let n be -4*(812/(-112) - (-6)/8). Calculate the highest common divisor of 416 and n.
26
Suppose -10 = -5*c, 3*a + 2*c - 21 = -c. Suppose 0 = -4*h + 72 + 8. Calculate the highest common factor of h and a.
5
Suppose 2*q - 28 = -4*c, 4*q - 7*c + 9 = -2*c. Let z be 307 - (q/1 - (-1)/(-1)). Calculate the greatest common divisor of z and 38.
38
Suppose -133 = -18*d - 115. What is the highest common factor of 37 and d?
1
Let c = 21 + -10. Let f be -1 + c/((-22)/(-12)). Suppose -14 = -f*x + 1. Calculate the highest common divisor of x and 3.
3
Suppose -2*g + 2*l = 5*l + 30, 0 = 4*g - 2*l + 28. Let x = 22 + g. What is the greatest common factor of 91 and x?
13
Let r(v) be the second derivative of v**5/20 - v**4/3 - v**3/6 - 7*v**2/2 - 2*v. Let h be r(5). Calculate the greatest common divisor of h and 26.
13
Let r(a) = -a**2 - 7*a - 1. Let w be r(-7). Let f = -112 - -118. Let h = f + w. Calculate the highest common factor of h and 35.
5
Suppose -5*f = w - 245, -4*f + 7*w - 2*w + 225 = 0. What is the greatest common divisor of 85 and f?
5
Let y be (-555 - -558) + ((-6)/(-8))/(2/8). Suppose -2*n + 76 = -n - 5*j, -4*j = 3*n - 190. Calculate the greatest common factor of n and y.
6
Let l be ((-54)/(-7))/(-15*(-9)/630). Calculate the greatest common divisor of l and 24.
12
Let d be (11 - 12)*9/(-1). Let a = -51 + 114. What is the highest common factor of a and d?
9
Suppose 6*i - 46 = 50. Calculate the greatest common factor of i and 176.
16
Suppose -1048 = -j - 3*j. Suppose 4*l - j = -5*y, -3*y + 128 = 2*l + y. Let g = l + 12. What is the highest common factor of g and 10?
10
Suppose -728 = -4*k - 5*c, 652 + 267 = 5*k + 4*c. What is the highest common divisor of 17 and k?
17
Suppose u = 2*o - 463, 4*u + 460 = -o + 3*o. Suppose -w = -66 + 51. Let f(x) = 7*x - 76. Let a be f(w). What is the highest common factor of a and o?
29
Suppose 5*z = -2*l + 91, -8*z + 54 + 82 = 3*l. Calculate the greatest common divisor of 1024 and l.
16
Let a(q) = 2*q + 9. Let s(l) = -2*l**2 - 6*l - 3. Let t be s(-3). Let h be (t + 2)*0/4. Let f be a(h). What is the highest common divisor of 81 and f?
9
Let m be 4 + -1 + 85/17. What is the greatest common factor of m and 8?
8
Suppose -2*h + 5 = 3. Suppose z - 3*d + 1 = 0, 3*d + h = 4*z - 4. Suppose -3*f + 150 = z*f. Calculate the greatest common factor of 45 and f.
15
Suppose -20 = -9*n + 8*n. Suppose -5*t = 22 + 3, -5*b = -t - n. Suppose 15 = b*f - 0. Calculate the greatest common factor of 20 and f.
5
Let n = 107 - 70. Suppose -3 = -i - 2*w, 5*w = i - 1 + 33. Let y = i + n. Calculate the highest common divisor of y and 6.
6
Suppose 0 = -69*v + 73*v - 56. What is the greatest common divisor of 182 and v?
14
Let g(s) = 2*s + 13. Let k be g(-5). Suppose 4*z - 448 = -2*m, 3*z = k*m - 6*m + 660. Calculate the greatest common factor of 27 and m.
27
Let k be (168/(-35))/4*(-40)/6. Suppose -4*s + k*f + 32 = 7*f, -2*f + 20 = 4*s. What is the highest common factor of 63 and s?
7
Suppose 4*q = 3*a + 46, -3*a - 2*q = a + 76. Let t = a - -20. Suppose 13 + 23 = t*s. Calculate the greatest common factor of 54 and s.
18
Suppose z - 3*u - 13 = -u, -5*z + 2*u = -57. Suppose x - 19 = -z. What is the highest common divisor of x and 12?
4
Let t(y) = y**3 - 99. Let h = -2 + 2. Let p be t(h). Let u = -29 - p. Calculate the highest common factor of 28 and u.
14
Let r = -139 + 205. Calculate the highest common factor of r and 264.
66
Let p(b) = -5*b - 18. Let u be p(-10). Suppose 0 = u*w - 26*w - 714. What is the highest common factor of 17 and w?
17
Let b(p) = p**3 - 40*p**2 - 79*p + 37. Let c be b(42). What is the highest common divisor of 26 and c?
13
Suppose -6*u + 3*u = 4*o - 163, -5*o + u + 218 = 0. What is the greatest common factor of o and 301?
43
Suppose 3*s - 30 = -0*s. Let m be s + (0 + 1 - 2). Suppose -k + 7*h = 2*h + 17, 2*h - 14 = 0. What is the highest common divisor of k and m?
9
Let l(a) = a**3 + 2*a + 145. Let y be l(0). What is the highest common divisor of y and 58?
29
Let b(h) = h**3 + 7*h**2 - h - 3. Let r be b(-7). Let y be 248/32 - (-1)/r. Suppose -c + 11 = -y. What is the greatest common divisor of c and 209?
19
Let n(m) be the third derivative of -m**4/24 + 25*m**3/6 - 4*m**2. Let f be n(-11). Calculate the greatest common factor of 4 and f.
4
Let t(b) = -7 + 2*b + 3*b - 6*b + 0. Let j be t(-9). Suppose -3*k + 105 = 4*m, k + m + j - 37 = 0. Calculate the highest common factor of k and 14.
7
Suppose 0 = 23*u - 65261 + 11993. What is the highest common factor of u and 12?
12
Let d be (21/14)/(135/(-138) + 1). Calculate the highest common factor of 1518 and d.
69
Suppose 2*s - 3*q + 8*q - 85 = 0, -2*s + 5*q = -75. Let y(g) = -g**2 + 29*g - 38. Let t be y(23). What is the highest common factor of t and s?
20
Let c(f) = 2*f**2 + 11*f - 78. Let p be c(-10). Calculate the greatest common factor of 60 and p.
12
Let z = 294 + -270. Calculate the greatest common divisor of 232 and z.
8
Let g(v) = v**3 - 38*v**2 - 56*v + 708. Let n be g(39). Let d(t) = 6*t**2 - 2*t - 2. Let w be d(2). What is the greatest common divisor of n and w?
9
Let z = 4 - -7. Suppose -z = -4*p - 71. Let x be (-1 - -9)/((-10)/p). What is the highest common factor of 60 and x?
12
Let b(v) = v**3 + 42*v**2 + 20*v - 215. Let c be b(-41). Calculate the highest common factor of c and 152.
38
Let x be (-2 - -1)/(((-36)/(-16))/(-9)). Suppose -x*c - i + 508 = -c, 832 = 5*c - 2*i. What is the greatest common factor of 21 and c?
21
Suppose 4*b + 5*h + 471 + 141 = 0, 4*h - 153 = b. Let k = -65 - b. What is the greatest common factor of k and 8?
8
Let f(y) = 26*y - 61. Let o be f(6). Calculate the highest common divisor of 19 and o.
19
Let n be (-4)/28 - 2/(-14). Let h be n*((-20)/4)/10. Suppose h = d - l - 1, d - 2 = -l + 1. Calculate the highest common divisor of 18 and d.
2
Let o(s) = s**3 + 18*s**2 - 30*s - 90. Let b be o(-19). What is the greatest common divisor of b and 21?
7
Let s = -225 - -239. What is the greatest common factor of 21 and s?
7
Suppose -32 = 4*u - 2*u. Let d be u/(3/(1*(-27)/6)). Suppose 0*t = -5*t + 15. Calculate the greatest common factor of t and d.
3
Let j(t) = 5*t - 4. Let a be j(-4). Let g = a - -37. Let z(c) = 6*c**2 + 7*c + 2. Let d be z(-5). Calculate the highest common factor of g and d.
13
Let s = -15 + 6. Let b = 20 + s. Let o(q) = 6*q**2 - q - 1. Let f be o(-4). What is the greatest common factor of f and b?
11
Suppose -19*m + 2 = -20*m. Let q be 81 + 0 + 1 + m. Calculate the hig